or of 3277230 and 990?
330
Calculate the highest common factor of 184 and 36488.
8
What is the highest common divisor of 224570 and 40?
10
What is the highest common divisor of 4611 and 2104153?
1537
What is the highest common divisor of 98986 and 215?
43
What is the highest common factor of 97958 and 91?
7
What is the highest common factor of 293632 and 640?
128
What is the greatest common factor of 649 and 187148?
59
What is the highest common divisor of 109430 and 496?
62
Calculate the greatest common divisor of 38558 and 6266.
26
Calculate the highest common divisor of 372 and 2964.
12
What is the highest common divisor of 35640 and 114180?
660
Calculate the greatest common factor of 19 and 39539.
19
What is the greatest common divisor of 36 and 212166?
18
Calculate the greatest common factor of 24 and 4324.
4
What is the highest common factor of 2770 and 10?
10
Calculate the highest common factor of 63 and 8197.
7
What is the highest common factor of 36093 and 104463?
159
Calculate the greatest common factor of 22 and 5746334.
22
Calculate the highest common divisor of 1434 and 631916.
478
What is the highest common factor of 101971 and 74334?
953
What is the greatest common divisor of 267762 and 330?
66
Calculate the highest common factor of 56 and 448.
56
What is the greatest common divisor of 84836 and 381?
127
Calculate the greatest common factor of 73535 and 880.
55
What is the greatest common divisor of 6112 and 3568?
16
Calculate the greatest common divisor of 923 and 3081.
13
What is the highest common divisor of 23231 and 52?
13
What is the greatest common divisor of 32147 and 1525?
61
Calculate the highest common factor of 2726857 and 644.
161
What is the highest common factor of 29070 and 6?
6
What is the greatest common factor of 325 and 11440?
65
What is the greatest common factor of 8269462 and 94?
94
Calculate the highest common factor of 8712 and 1573.
121
Calculate the greatest common divisor of 368 and 2898.
46
What is the greatest common factor of 13128 and 14544?
24
What is the greatest common factor of 26368 and 160?
32
What is the greatest common factor of 304 and 2032?
16
Calculate the highest common divisor of 387954 and 63.
63
What is the greatest common divisor of 32 and 13592?
8
What is the highest common factor of 307174 and 148?
74
Calculate the greatest common divisor of 1710 and 72.
18
What is the greatest common factor of 8036 and 1066?
82
What is the highest common factor of 3055 and 55250?
65
What is the highest common divisor of 5261271 and 383?
383
What is the highest common factor of 305647 and 322?
23
What is the highest common divisor of 44748 and 396?
396
Calculate the highest common divisor of 19235 and 145.
5
Calculate the greatest common divisor of 3014 and 572.
22
What is the greatest common factor of 60135 and 1425?
285
Calculate the greatest common divisor of 441 and 60221.
49
What is the highest common divisor of 2430 and 1470?
30
Calculate the highest common divisor of 7872 and 5952.
192
Calculate the highest common divisor of 166885 and 5.
5
Calculate the greatest common divisor of 2304 and 16848.
144
What is the greatest common factor of 130645 and 159?
53
Calculate the highest common divisor of 8448 and 408.
24
What is the greatest common factor of 8848 and 35?
7
Calculate the highest common divisor of 6341 and 1088.
17
Calculate the greatest common factor of 118168 and 4.
4
Calculate the highest common divisor of 324114 and 42.
42
Calculate the highest common divisor of 924032 and 256.
128
Calculate the highest common factor of 2995 and 355.
5
What is the highest common factor of 1224 and 11736?
72
Calculate the highest common factor of 50626 and 204.
34
Calculate the greatest common divisor of 180 and 4869.
9
What is the greatest common divisor of 240 and 27780?
60
What is the greatest common factor of 80 and 75720?
40
What is the highest common factor of 1033 and 620833?
1033
Calculate the highest common factor of 105776 and 6512.
176
Calculate the highest common factor of 752 and 947708.
188
What is the greatest common divisor of 1240000 and 248?
248
Calculate the greatest common divisor of 95874 and 114.
114
What is the highest common factor of 20 and 5860?
20
What is the greatest common factor of 406 and 952?
14
Calculate the greatest common factor of 4401360 and 360.
360
What is the highest common divisor of 6375 and 4845?
255
Calculate the highest common factor of 7607131 and 239.
239
What is the highest common factor of 291 and 3884947?
97
What is the highest common factor of 710147 and 689?
53
What is the greatest common factor of 284981 and 4028?
1007
Calculate the greatest common divisor of 4121 and 702.
13
What is the highest common divisor of 232 and 266800?
232
Calculate the highest common factor of 1376655 and 2940.
735
Calculate the highest common factor of 548 and 64.
4
What is the highest common factor of 19594 and 16781?
97
Calculate the highest common factor of 1416528 and 432.
432
What is the greatest common divisor of 16475 and 5?
5
Calculate the greatest common divisor of 13220143 and 551.
551
What is the greatest common divisor of 3783911 and 103?
103
What is the highest common divisor of 1452 and 1958022?
726
Calculate the highest common factor of 92600 and 1050.
50
Calculate the highest common divisor of 6775 and 4336.
271
What is the greatest common factor of 74 and 119362?
74
What is the highest common factor of 105749 and 14?
7
What is the highest common divisor of 559 and 74863?
43
Calculate the highest common factor of 962 and 6786.
26
Calculate the highest common factor of 17622 and 990.
198
Calculate the highest common factor of 325323 and 2403.
27
What is the greatest common factor of 146 and 87600?
146
What is the greatest common factor of 468 and 76?
4
What is the highest common divisor of 15330 and 3504?
438
What is the highest common divisor of 27472 and 1360?
272
Calculate the greatest common divisor of 43 and 112187.
43
What is the highest common factor of 562723 and 266?
133
Calculate the highest common factor of 1413 and 81483.
471
What is the greatest common factor of 682 and 4664?
22
What is the highest common factor of 34480 and 80?
80
Calculate the greatest common factor of 3458 and 2275.
91
What is the highest common divisor of 76827 and 39?
3
Calculate the highest common factor of 14257 and 53.
53
Calculate the highest common factor of 9856 and 576.
64
What is the greatest common divisor of 3240 and 22536?
72
Calculate the greatest common factor of 20920 and 88.
8
What is the greatest common divisor of 2692 and 323713?
673
Calculate the greatest common divisor of 115000 and 3125.
625
Calculate the greatest common factor of 21 and 270690.
21
What is the greatest common factor of 332 and 23821?
83
What is the highest common factor of 60 and 788910?
30
Calculate the highest common divisor of 3587 and 4301.
17
Calculate the highest common factor of 648928 and 49.
7
Calculate the highest common divisor of 1184055 and 2454.
1227
What is the greatest common divisor of 280046 and 13?
13
What is the highest common factor of 880 and 2120?
40
Calculate the highest common divisor of 855 and 1957.
19
Calculate the greatest common factor of 7293 and 44421.
663
Calculate the highest common factor of 13777 and 29950.
599
What is the highest common factor of 3454 and 451?
11
What is the greatest common divisor of 1176 and 2450?
98
What is the highest common divisor of 20 and 2163710?
10
What is the highest common factor of 36 and 1852?
4
What is the greatest common divisor of 12 and 135220?
4
Calculate the highest common divisor of 1127 and 102851.
49
Calculate the greatest common factor of 973 and 7133.
7
What is the greatest common factor of 176 and 664?
8
What is the greatest common factor of 1121 and 25268461?
1121
What is the greatest common divisor of 569056 and 96?
32
What is the highest common factor of 1044 and 11196?
36
Calculate the greatest common divisor of 10 and 816190.
10
What is the highest common factor of 5938230 and 1310?
1310
Calculate the greatest common factor of 20853 and 387.
9
What is the greatest common factor of 6030 and 10?
10
What is the highest common factor of 200 and 30024?
8
Calculate the highest common divisor of 284 